{"id":3365,"date":"2025-08-05T22:43:42","date_gmt":"2025-08-06T02:43:42","guid":{"rendered":"https:\/\/www.pediatrica.com\/?post_type=professional&#038;p=3365"},"modified":"2026-08-12T12:15:46","modified_gmt":"2026-08-12T16:15:46","slug":"dra-adilia-florentina-taylor","status":"publish","type":"professional","link":"http:\/\/www.pediatrica.com\/es\/profesional\/dra-adilia-florentina-taylor\/","title":{"rendered":"Dra. Adilia Florentina Taylor"},"content":{"rendered":"\n<p class=\"wp-block-paragraph\">La Dra. Adilia Florentina Taylor es pediatra certificada por el consejo m\u00e9dico y se especializa en el diagn\u00f3stico integral y tratamiento de las enfermedades infantiles. Como madre de dos hijos, comprende de primera mano las inquietudes que implica formar una familia y disfruta orientar a las futuras madres y a los padres primerizos.<br>Entre sus muchos logros profesionales, la Dra. Taylor se ha destacado como investigadora y es coautora de numerosos art\u00edculos cient\u00edficos sobre estudios cardiopulmonares. Tambi\u00e9n ha contribuido de forma importante al desarrollo de un ventilador especializado para reci\u00e9n nacidos prematuros. Actualmente, centra especialmente su inter\u00e9s en la prevenci\u00f3n del asma y la obesidad en ni\u00f1os y adolescentes.<br>Comprometida con la salud y el bienestar de los ni\u00f1os y las familias, la Dra. Taylor participa activamente en su comunidad como miembro de la junta directiva de Healthy Start Coalition del condado de Manatee y de la Cruz Roja Americana, cap\u00edtulo de Manatee. Nos enorgullece contar en nuestro equipo con la experiencia, el conocimiento y la capacidad de innovaci\u00f3n de la Dra. Taylor.<\/p>\n","protected":false},"featured_media":2449,"template":"","meta":{"_acf_changed":true,"_price":"","_stock":"","_tribe_ticket_header":"","_tribe_default_ticket_provider":"","_tribe_ticket_capacity":"","_ticket_start_date":"","_ticket_end_date":"","_tribe_ticket_show_description":"","_tribe_ticket_show_not_going":false,"_tribe_ticket_use_global_stock":"","_tribe_ticket_global_stock_level":"","_global_stock_mode":"","_global_stock_cap":"","_tribe_rsvp_for_event":"","_tribe_ticket_going_count":"","_tribe_ticket_not_going_count":"","_tribe_tickets_list":"[]","_tribe_ticket_has_attendee_info_fields":false},"role":[],"class_list":["post-3365","professional","type-professional","status-publish","has-post-thumbnail","hentry"],"acf":[],"mb":[],"yoast_head":"<!-- This site is optimized with the Yoast SEO plugin v28.2 - https:\/\/yoast.com\/product\/yoast-seo-wordpress\/ -->\n<title>Dra. Adilia Florentina Taylor - Pediatrica Health Group<\/title>\n<meta name=\"robots\" content=\"noindex, follow\" \/>\n<meta property=\"og:locale\" content=\"es_ES\" \/>\n<meta property=\"og:type\" content=\"article\" \/>\n<meta property=\"og:title\" content=\"Dra. Adilia Florentina Taylor - Pediatrica Health Group\" \/>\n<meta property=\"og:description\" content=\"La Dra. Adilia Florentina Taylor es pediatra certificada por el consejo m\u00e9dico y se especializa en el diagn\u00f3stico integral y tratamiento de las enfermedades infantiles. Como madre de dos hijos, &hellip;\" \/>\n<meta property=\"og:url\" content=\"http:\/\/www.pediatrica.com\/es\/profesional\/dra-adilia-florentina-taylor\/\" \/>\n<meta property=\"og:site_name\" content=\"Pediatrica Health Group\" \/>\n<meta property=\"article:publisher\" content=\"https:\/\/www.facebook.com\/pediatricahealth\" \/>\n<meta property=\"article:modified_time\" content=\"2026-08-12T16:15:46+00:00\" \/>\n<meta property=\"og:image\" content=\"http:\/\/www.pediatrica.com\/wp-content\/uploads\/2025\/08\/Adilia-Taylor-69.png\" \/>\n\t<meta property=\"og:image:width\" content=\"896\" \/>\n\t<meta property=\"og:image:height\" content=\"1088\" \/>\n\t<meta property=\"og:image:type\" content=\"image\/png\" \/>\n<meta name=\"twitter:card\" content=\"summary_large_image\" \/>\n<meta name=\"twitter:label1\" content=\"Tiempo de lectura\" \/>\n\t<meta name=\"twitter:data1\" content=\"1 minuto\" \/>\n<script type=\"application\/ld+json\" class=\"yoast-schema-graph\">{\"@context\":\"https:\\\/\\\/schema.org\",\"@graph\":[{\"@type\":\"WebPage\",\"@id\":\"http:\\\/\\\/www.pediatrica.com\\\/es\\\/profesional\\\/dra-adilia-florentina-taylor\\\/\",\"url\":\"http:\\\/\\\/www.pediatrica.com\\\/es\\\/profesional\\\/dra-adilia-florentina-taylor\\\/\",\"name\":\"Dra. Adilia Florentina Taylor - Pediatrica Health Group\",\"isPartOf\":{\"@id\":\"https:\\\/\\\/www.pediatrica.com\\\/es\\\/#website\"},\"primaryImageOfPage\":{\"@id\":\"http:\\\/\\\/www.pediatrica.com\\\/es\\\/profesional\\\/dra-adilia-florentina-taylor\\\/#primaryimage\"},\"image\":{\"@id\":\"http:\\\/\\\/www.pediatrica.com\\\/es\\\/profesional\\\/dra-adilia-florentina-taylor\\\/#primaryimage\"},\"thumbnailUrl\":\"http:\\\/\\\/www.pediatrica.com\\\/wp-content\\\/uploads\\\/2025\\\/08\\\/Adilia-Taylor-69.png\",\"datePublished\":\"2025-08-06T02:43:42+00:00\",\"dateModified\":\"2026-08-12T16:15:46+00:00\",\"breadcrumb\":{\"@id\":\"http:\\\/\\\/www.pediatrica.com\\\/es\\\/profesional\\\/dra-adilia-florentina-taylor\\\/#breadcrumb\"},\"inLanguage\":\"es\",\"potentialAction\":[{\"@type\":\"ReadAction\",\"target\":[\"http:\\\/\\\/www.pediatrica.com\\\/es\\\/profesional\\\/dra-adilia-florentina-taylor\\\/\"]}]},{\"@type\":\"ImageObject\",\"inLanguage\":\"es\",\"@id\":\"http:\\\/\\\/www.pediatrica.com\\\/es\\\/profesional\\\/dra-adilia-florentina-taylor\\\/#primaryimage\",\"url\":\"http:\\\/\\\/www.pediatrica.com\\\/wp-content\\\/uploads\\\/2025\\\/08\\\/Adilia-Taylor-69.png\",\"contentUrl\":\"http:\\\/\\\/www.pediatrica.com\\\/wp-content\\\/uploads\\\/2025\\\/08\\\/Adilia-Taylor-69.png\",\"width\":896,\"height\":1088},{\"@type\":\"BreadcrumbList\",\"@id\":\"http:\\\/\\\/www.pediatrica.com\\\/es\\\/profesional\\\/dra-adilia-florentina-taylor\\\/#breadcrumb\",\"itemListElement\":[{\"@type\":\"ListItem\",\"position\":1,\"name\":\"Home\",\"item\":\"https:\\\/\\\/www.pediatrica.com\\\/es\\\/\"},{\"@type\":\"ListItem\",\"position\":2,\"name\":\"Dra. Adilia Florentina Taylor\"}]},{\"@type\":\"WebSite\",\"@id\":\"https:\\\/\\\/www.pediatrica.com\\\/es\\\/#website\",\"url\":\"https:\\\/\\\/www.pediatrica.com\\\/es\\\/\",\"name\":\"Pediatrica Health Group\",\"description\":\"\",\"publisher\":{\"@id\":\"https:\\\/\\\/www.pediatrica.com\\\/es\\\/#organization\"},\"potentialAction\":[{\"@type\":\"SearchAction\",\"target\":{\"@type\":\"EntryPoint\",\"urlTemplate\":\"https:\\\/\\\/www.pediatrica.com\\\/es\\\/?s={search_term_string}\"},\"query-input\":{\"@type\":\"PropertyValueSpecification\",\"valueRequired\":true,\"valueName\":\"search_term_string\"}}],\"inLanguage\":\"es\"},{\"@type\":\"Organization\",\"@id\":\"https:\\\/\\\/www.pediatrica.com\\\/es\\\/#organization\",\"name\":\"Pediatrica Health Group\",\"url\":\"https:\\\/\\\/www.pediatrica.com\\\/es\\\/\",\"logo\":{\"@type\":\"ImageObject\",\"inLanguage\":\"es\",\"@id\":\"https:\\\/\\\/www.pediatrica.com\\\/es\\\/#\\\/schema\\\/logo\\\/image\\\/\",\"url\":\"http:\\\/\\\/www.pediatrica.com\\\/wp-content\\\/uploads\\\/2025\\\/01\\\/Logo.png\",\"contentUrl\":\"http:\\\/\\\/www.pediatrica.com\\\/wp-content\\\/uploads\\\/2025\\\/01\\\/Logo.png\",\"width\":176,\"height\":57,\"caption\":\"Pediatrica Health Group\"},\"image\":{\"@id\":\"https:\\\/\\\/www.pediatrica.com\\\/es\\\/#\\\/schema\\\/logo\\\/image\\\/\"},\"sameAs\":[\"https:\\\/\\\/www.facebook.com\\\/pediatricahealth\",\"https:\\\/\\\/www.linkedin.com\\\/company\\\/pediatrica-health\",\"https:\\\/\\\/www.instagram.com\\\/pediatricahealth\\\/\"]}]}<\/script>\n<!-- \/ Yoast SEO plugin. -->","yoast_head_json":{"title":"Dra. Adilia Florentina Taylor - Pediatrica Health Group","robots":{"index":"noindex","follow":"follow"},"og_locale":"es_ES","og_type":"article","og_title":"Dra. Adilia Florentina Taylor - Pediatrica Health Group","og_description":"La Dra. Adilia Florentina Taylor es pediatra certificada por el consejo m\u00e9dico y se especializa en el diagn\u00f3stico integral y tratamiento de las enfermedades infantiles. Como madre de dos hijos, &hellip;","og_url":"http:\/\/www.pediatrica.com\/es\/profesional\/dra-adilia-florentina-taylor\/","og_site_name":"Pediatrica Health Group","article_publisher":"https:\/\/www.facebook.com\/pediatricahealth","article_modified_time":"2026-08-12T16:15:46+00:00","og_image":[{"width":896,"height":1088,"url":"http:\/\/www.pediatrica.com\/wp-content\/uploads\/2025\/08\/Adilia-Taylor-69.png","type":"image\/png"}],"twitter_card":"summary_large_image","twitter_misc":{"Tiempo de lectura":"1 minuto"},"schema":{"@context":"https:\/\/schema.org","@graph":[{"@type":"WebPage","@id":"http:\/\/www.pediatrica.com\/es\/profesional\/dra-adilia-florentina-taylor\/","url":"http:\/\/www.pediatrica.com\/es\/profesional\/dra-adilia-florentina-taylor\/","name":"Dra. Adilia Florentina Taylor - Pediatrica Health Group","isPartOf":{"@id":"https:\/\/www.pediatrica.com\/es\/#website"},"primaryImageOfPage":{"@id":"http:\/\/www.pediatrica.com\/es\/profesional\/dra-adilia-florentina-taylor\/#primaryimage"},"image":{"@id":"http:\/\/www.pediatrica.com\/es\/profesional\/dra-adilia-florentina-taylor\/#primaryimage"},"thumbnailUrl":"http:\/\/www.pediatrica.com\/wp-content\/uploads\/2025\/08\/Adilia-Taylor-69.png","datePublished":"2025-08-06T02:43:42+00:00","dateModified":"2026-08-12T16:15:46+00:00","breadcrumb":{"@id":"http:\/\/www.pediatrica.com\/es\/profesional\/dra-adilia-florentina-taylor\/#breadcrumb"},"inLanguage":"es","potentialAction":[{"@type":"ReadAction","target":["http:\/\/www.pediatrica.com\/es\/profesional\/dra-adilia-florentina-taylor\/"]}]},{"@type":"ImageObject","inLanguage":"es","@id":"http:\/\/www.pediatrica.com\/es\/profesional\/dra-adilia-florentina-taylor\/#primaryimage","url":"http:\/\/www.pediatrica.com\/wp-content\/uploads\/2025\/08\/Adilia-Taylor-69.png","contentUrl":"http:\/\/www.pediatrica.com\/wp-content\/uploads\/2025\/08\/Adilia-Taylor-69.png","width":896,"height":1088},{"@type":"BreadcrumbList","@id":"http:\/\/www.pediatrica.com\/es\/profesional\/dra-adilia-florentina-taylor\/#breadcrumb","itemListElement":[{"@type":"ListItem","position":1,"name":"Home","item":"https:\/\/www.pediatrica.com\/es\/"},{"@type":"ListItem","position":2,"name":"Dra. Adilia Florentina Taylor"}]},{"@type":"WebSite","@id":"https:\/\/www.pediatrica.com\/es\/#website","url":"https:\/\/www.pediatrica.com\/es\/","name":"Pediatrica Health Group","description":"","publisher":{"@id":"https:\/\/www.pediatrica.com\/es\/#organization"},"potentialAction":[{"@type":"SearchAction","target":{"@type":"EntryPoint","urlTemplate":"https:\/\/www.pediatrica.com\/es\/?s={search_term_string}"},"query-input":{"@type":"PropertyValueSpecification","valueRequired":true,"valueName":"search_term_string"}}],"inLanguage":"es"},{"@type":"Organization","@id":"https:\/\/www.pediatrica.com\/es\/#organization","name":"Pediatrica Health Group","url":"https:\/\/www.pediatrica.com\/es\/","logo":{"@type":"ImageObject","inLanguage":"es","@id":"https:\/\/www.pediatrica.com\/es\/#\/schema\/logo\/image\/","url":"http:\/\/www.pediatrica.com\/wp-content\/uploads\/2025\/01\/Logo.png","contentUrl":"http:\/\/www.pediatrica.com\/wp-content\/uploads\/2025\/01\/Logo.png","width":176,"height":57,"caption":"Pediatrica Health Group"},"image":{"@id":"https:\/\/www.pediatrica.com\/es\/#\/schema\/logo\/image\/"},"sameAs":["https:\/\/www.facebook.com\/pediatricahealth","https:\/\/www.linkedin.com\/company\/pediatrica-health","https:\/\/www.instagram.com\/pediatricahealth\/"]}]}},"mfb_rest_fields":["title","yoast_head","yoast_head_json"],"_links":{"self":[{"href":"http:\/\/www.pediatrica.com\/es\/wp-json\/wp\/v2\/professional\/3365","targetHints":{"allow":["GET"]}}],"collection":[{"href":"http:\/\/www.pediatrica.com\/es\/wp-json\/wp\/v2\/professional"}],"about":[{"href":"http:\/\/www.pediatrica.com\/es\/wp-json\/wp\/v2\/types\/professional"}],"wp:featuredmedia":[{"embeddable":true,"href":"http:\/\/www.pediatrica.com\/es\/wp-json\/wp\/v2\/media\/2449"}],"wp:attachment":[{"href":"http:\/\/www.pediatrica.com\/es\/wp-json\/wp\/v2\/media?parent=3365"}],"wp:term":[{"taxonomy":"role","embeddable":true,"href":"http:\/\/www.pediatrica.com\/es\/wp-json\/wp\/v2\/role?post=3365"}],"curies":[{"name":"wp","href":"https:\/\/api.w.org\/{rel}","templated":true}]}}

<p class="wp-block-paragraph">La Dra. Adilia Florentina Taylor es pediatra certificada por el consejo médico y se especializa en el diagnóstico integral y tratamiento de las enfermedades infantiles. Como madre de dos hijos, comprende de primera mano las inquietudes que implica formar una familia y disfruta orientar a las futuras madres y a los padres primerizos.<br>Entre sus muchos logros profesionales, la Dra. Taylor se ha destacado como investigadora y es coautora de numerosos artículos científicos sobre estudios cardiopulmonares. También ha contribuido de forma importante al desarrollo de un ventilador especializado para recién nacidos prematuros. Actualmente, centra especialmente su interés en la prevención del asma y la obesidad en niños y adolescentes.<br>Comprometida con la salud y el bienestar de los niños y las familias, la Dra. Taylor participa activamente en su comunidad como miembro de la junta directiva de Healthy Start Coalition del condado de Manatee y de la Cruz Roja Americana, capítulo de Manatee. Nos enorgullece contar en nuestro equipo con la experiencia, el conocimiento y la capacidad de innovación de la Dra. Taylor.</p>

<!-- This site is optimized with the Yoast SEO plugin v28.2 - https://yoast.com/product/yoast-seo-wordpress/ -->
<title>Dra. Adilia Florentina Taylor - Pediatrica Health Group</title>
<meta name="robots" content="noindex, follow" />
<meta property="og:locale" content="es_ES" />
<meta property="og:type" content="article" />
<meta property="og:title" content="Dra. Adilia Florentina Taylor - Pediatrica Health Group" />
<meta property="og:description" content="La Dra. Adilia Florentina Taylor es pediatra certificada por el consejo médico y se especializa en el diagnóstico integral y tratamiento de las enfermedades infantiles. Como madre de dos hijos, &hellip;" />
<meta property="og:url" content="http://www.pediatrica.com/es/profesional/dra-adilia-florentina-taylor/" />
<meta property="og:site_name" content="Pediatrica Health Group" />
<meta property="article:publisher" content="https://www.facebook.com/pediatricahealth" />
<meta property="article:modified_time" content="2026-08-12T16:15:46+00:00" />
<meta property="og:image" content="http://www.pediatrica.com/wp-content/uploads/2025/08/Adilia-Taylor-69.png" />
	<meta property="og:image:width" content="896" />
	<meta property="og:image:height" content="1088" />
	<meta property="og:image:type" content="image/png" />
<meta name="twitter:card" content="summary_large_image" />
<meta name="twitter:label1" content="Tiempo de lectura" />
	<meta name="twitter:data1" content="1 minuto" />
<script type="application/ld+json" class="yoast-schema-graph">{"@context":"https:\/\/schema.org","@graph":[{"@type":"WebPage","@id":"http:\/\/www.pediatrica.com\/es\/profesional\/dra-adilia-florentina-taylor\/","url":"http:\/\/www.pediatrica.com\/es\/profesional\/dra-adilia-florentina-taylor\/","name":"Dra. Adilia Florentina Taylor - Pediatrica Health Group","isPartOf":{"@id":"https:\/\/www.pediatrica.com\/es\/#website"},"primaryImageOfPage":{"@id":"http:\/\/www.pediatrica.com\/es\/profesional\/dra-adilia-florentina-taylor\/#primaryimage"},"image":{"@id":"http:\/\/www.pediatrica.com\/es\/profesional\/dra-adilia-florentina-taylor\/#primaryimage"},"thumbnailUrl":"http:\/\/www.pediatrica.com\/wp-content\/uploads\/2025\/08\/Adilia-Taylor-69.png","datePublished":"2025-08-06T02:43:42+00:00","dateModified":"2026-08-12T16:15:46+00:00","breadcrumb":{"@id":"http:\/\/www.pediatrica.com\/es\/profesional\/dra-adilia-florentina-taylor\/#breadcrumb"},"inLanguage":"es","potentialAction":[{"@type":"ReadAction","target":["http:\/\/www.pediatrica.com\/es\/profesional\/dra-adilia-florentina-taylor\/"]}]},{"@type":"ImageObject","inLanguage":"es","@id":"http:\/\/www.pediatrica.com\/es\/profesional\/dra-adilia-florentina-taylor\/#primaryimage","url":"http:\/\/www.pediatrica.com\/wp-content\/uploads\/2025\/08\/Adilia-Taylor-69.png","contentUrl":"http:\/\/www.pediatrica.com\/wp-content\/uploads\/2025\/08\/Adilia-Taylor-69.png","width":896,"height":1088},{"@type":"BreadcrumbList","@id":"http:\/\/www.pediatrica.com\/es\/profesional\/dra-adilia-florentina-taylor\/#breadcrumb","itemListElement":[{"@type":"ListItem","position":1,"name":"Home","item":"https:\/\/www.pediatrica.com\/es\/"},{"@type":"ListItem","position":2,"name":"Dra. Adilia Florentina Taylor"}]},{"@type":"WebSite","@id":"https:\/\/www.pediatrica.com\/es\/#website","url":"https:\/\/www.pediatrica.com\/es\/","name":"Pediatrica Health Group","description":"","publisher":{"@id":"https:\/\/www.pediatrica.com\/es\/#organization"},"potentialAction":[{"@type":"SearchAction","target":{"@type":"EntryPoint","urlTemplate":"https:\/\/www.pediatrica.com\/es\/?s={search_term_string}"},"query-input":{"@type":"PropertyValueSpecification","valueRequired":true,"valueName":"search_term_string"}}],"inLanguage":"es"},{"@type":"Organization","@id":"https:\/\/www.pediatrica.com\/es\/#organization","name":"Pediatrica Health Group","url":"https:\/\/www.pediatrica.com\/es\/","logo":{"@type":"ImageObject","inLanguage":"es","@id":"https:\/\/www.pediatrica.com\/es\/#\/schema\/logo\/image\/","url":"http:\/\/www.pediatrica.com\/wp-content\/uploads\/2025\/01\/Logo.png","contentUrl":"http:\/\/www.pediatrica.com\/wp-content\/uploads\/2025\/01\/Logo.png","width":176,"height":57,"caption":"Pediatrica Health Group"},"image":{"@id":"https:\/\/www.pediatrica.com\/es\/#\/schema\/logo\/image\/"},"sameAs":["https:\/\/www.facebook.com\/pediatricahealth","https:\/\/www.linkedin.com\/company\/pediatrica-health","https:\/\/www.instagram.com\/pediatricahealth\/"]}]}</script>
<!-- / Yoast SEO plugin. -->

La Dra. Adilia Florentina Taylor es pediatra certificada por el consejo médico y se especializa en el diagnóstico integral y tratamiento de las enfermedades infantiles. Como madre de dos hijos, &hellip;
